posite?
True
Let m(n) = n - 3. Let j be m(5). Suppose w + 503 = j*w. Is w composite?
False
Let x = -28 + 31. Suppose 0 = -5*b - x*t + 1474, -2*t + 139 = 2*b - 453. Is b a prime number?
True
Suppose 2462 + 26247 = 19*d. Is d a prime number?
True
Let q = 21 + -21. Suppose 2*t + 323 = 5*z, q*z + 5*z - 329 = -4*t. Is z a prime number?
False
Suppose 46*g - 45*g = 2. Suppose 1857 = g*s - 941. Is s composite?
False
Let f(h) = -h**2 + h - 1. Let k(s) = -15*s**2 + 6*s + 1. Let o(c) = -3*f(c) - k(c). Let m be o(4). Let w = m - 165. Is w a prime number?
True
Is 3142440/264 + 60/33 + -2 a prime number?
True
Suppose 245628 = -52*s + 88*s. Is s composite?
False
Let p(d) = 55*d**2 - 22*d - 16. Is p(-7) prime?
True
Let r = -52 + 92. Suppose u - r = -3*u. Suppose -o + 5*z = -479, u*o + 2*z = 5*o + 2503. Is o composite?
False
Let c = -6241 - -4071. Let m = 3647 + c. Is m a prime number?
False
Let j(c) = 3*c - 7. Let x be j(4). Suppose -g - 20036 = -5*z + 2*g, z - x*g = 3994. Is z prime?
False
Let p = 25 - 25. Suppose p = -b + 4*b + 90. Is (15/b)/(1/(-382)) composite?
False
Suppose 141 - 125 = 4*y. Is (15/5)/((-6)/y) + 595 a composite number?
False
Let n(u) = 339*u**2. Let k(w) = 339*w**2 + 1. Let y(i) = -2*k(i) + 3*n(i). Is y(-1) a prime number?
True
Suppose 0 = -5*y + 5*j + 35, 5*y - 20 = 3*j + 19. Let t = y + -14. Is (-1322)/t - 3/(-5) a prime number?
False
Suppose -22517 = -2*y - 21*y. Is y composite?
True
Let v be 6/21*(-2 + 9). Is 2 - (-13*49 - v) composite?
False
Is (-5)/(25/(-35)) - (-38646)/3 a prime number?
True
Let u be (-1)/(-4)*(-520)/(-10). Suppose -4*g + 3 = -53. Suppose g*x - u*x = 177. Is x a prime number?
False
Let q(c) = -c**3 + 11*c**2 + 4*c + 9. Let s be q(9). Let r = s + -145. Suppose 770 = 4*v - 3*m, 2*v - 3*m - 326 = r. Is v composite?
False
Suppose 4*h - 3 - 5 = 0. Is 4*(h + (-2079)/(-12)) composite?
False
Suppose -5*g = 5*w - 5735, 0*w = -3*w. Let a = g - 560. Is a a prime number?
True
Let j be (2 + 1)/((-11)/5159). Let a = j - -2477. Suppose 21*o - 16*o = a. Is o composite?
True
Let g = -39328 + 105077. Is g a composite number?
True
Let y = -487 - -933. Is (y - (-4 + 7))*1 a prime number?
True
Suppose -61929 + 5663 = -14*i. Is i prime?
True
Suppose -2*o = o - 9. Suppose 0 = o*d - 3 - 756. Is d a prime number?
False
Let s(d) = -d**3 + 9*d**2 - 10*d - 2. Let x be s(8). Let t = -14 - x. Is 6/(-3)*(-514)/t a prime number?
True
Suppose 0 = 5*o + 5. Let p = o + 2. Let h(u) = 20*u**2 - 3*u + 2. Is h(p) composite?
False
Let s(b) = -b**2 - 11*b + 7. Let y be s(-8). Suppose -34*t + 1023 = -y*t. Is t composite?
True
Let d = -4885 - -18218. Is d a composite number?
True
Let y(f) = -f**3 + 54*f**2 + 34. Is y(53) a prime number?
True
Let w(q) = q**3 - q**2 + q - 3. Let l = -1 + 3. Let a be w(l). Suppose -o + 349 = 4*t, -2*o + 1694 = a*o + 3*t. Is o composite?
False
Suppose -2*r = -2*l - 16, 5*r - 4*r + 4*l - 8 = 0. Suppose -r*x - 5*i + 1770 = -3*x, 3 = 3*i. Is x a prime number?
True
Suppose -33*p + 2880 = -29*p. Suppose p = 6*o - 222. Is o a prime number?
True
Let m = -50027 + 77628. Is m a prime number?
False
Suppose 2*i = 3*l + 10, -4*i + 18 = -5*l - 0*l. Suppose -5*t + 7731 = 2*w + i*w, -4*t = -w - 6168. Is t a prime number?
True
Let f be 16*35/(-4)*10. Let b = 969 + f. Let j = 646 + b. Is j a composite number?
True
Let h = -65 + 125. Let j be (-48)/h*(-20)/(-2). Is ((-4)/j)/((-5)/(-2110)) a composite number?
False
Suppose -10 = -0*t - 2*t. Suppose -5*k - 1020 = t*q, 486 + 127 = -3*k - 2*q. Is k/(-2) - (-1)/2 a composite number?
False
Suppose 45*n - 78730 = 83585. Is n a prime number?
True
Let g be (-12)/(-2)*47/(-3). Let j be (3 - (3 + 3)) + 144. Let o = g + j. Is o composite?
False
Suppose 0 = -4*w + 5*i + 5168, 2*w + w + 4*i - 3845 = 0. Let r = 1972 - w. Is r composite?
True
Suppose 0*q - 40 = -5*q. Suppose 2*a - 5*o = -10, -3*a - o + q + 11 = 0. Is a/(-3)*(-1 - 32) composite?
True
Let r(y) be the second derivative of -53*y**5/10 + y**2/2 + 7*y. Let a be r(1). Is 16/(-6)*a/20 a prime number?
False
Let h(a) = -a**2 + 13*a - 14. Let m be h(12). Let l = 123 + m. Is l a prime number?
False
Let c(z) = z**3 - 7*z**2 - 7*z - 6. Let k be c(8). Let n be ((-3)/k - 0)*228. Is n/(-7) - 2/(-14) prime?
False
Is 36/(-60) - 139164/(-15) prime?
True
Suppose 8 = 7*w - 5*w. Suppose -q = w*y - 207, 5*y = 6*q - 2*q - 849. Is q prime?
True
Let t(h) = 2076*h - 41. Let j be t(7). Suppose -5*r + j = -3*g, -3*g - 9 + 3 = 0. Is r a prime number?
True
Suppose -2*k + 3*p = 32, k - 44 = 3*k + 3*p. Let s = k + 10. Let j = s - -16. Is j composite?
False
Suppose -r = 5*u - 740, 4*u - 606 = -13*r + 15*r. Is u a composite number?
False
Let x be (-2)/((-10)/25) + -2. Suppose 0 = 4*b + 4*w - 368, 0 = -b - x*w - w + 101. Is b composite?
False
Let f = 2555 + 14. Is f a prime number?
False
Let n(k) = 103*k**3 + 2*k**2 + 3*k + 4. Let a be n(3). Let i = -1709 + a. Is i composite?
False
Let x(q) = 131 + 2*q - q - 2*q. Is x(0) a prime number?
True
Suppose -71*u + 433454 = 59923. Is u a composite number?
False
Let f be -9 + (-5)/(-15)*0. Is ((-1317)/f)/((-5)/(-15)) a composite number?
False
Let f(a) = 3*a**2 + 23*a + 66 - 33 - 20. Is f(-9) composite?
True
Suppose 6*f = 1119 + 6195. Is f composite?
True
Let h(v) = -5*v**2 + 4*v + 8. Let k be h(9). Let i = k - -572. Is i composite?
False
Let q = -15 + 11. Let n(m) be the first derivative of -m**4/4 + m**3 + 7*m**2/2 + 5*m + 5. Is n(q) composite?
False
Let j = 243 + -2. Is 0 + j - (-1)/(3/(-12)) a prime number?
False
Suppose 2*p - 148 = f - 2*f, 370 = 5*p - 4*f. Is (p/(-6))/((-15)/315) prime?
False
Let c(h) = -5*h**3 + 4*h**2 - h + 26447. Is c(0) a composite number?
True
Let s = 25 + -22. Suppose -s*r + c - 46 = -4*r, -5*c = 3*r - 144. Is r composite?
False
Suppose 13001 = 4*g - 3*q, -7*g = -8*g + 4*q + 3247. Is g a prime number?
True
Let r = 15413 - -3824. Is r prime?
True
Let d(p) = 4*p - 33. Let g be d(9). Let c(o) = 82*o + 5. Is c(g) a composite number?
False
Suppose -5325 = -h - 4*i, -4*h + 21*i = 16*i - 21405. Is h a composite number?
True
Suppose -n + 20495 = 4*h, 2*h - 40990 = -4*n + 2*n. Is n composite?
True
Let v = -5567 - -26728. Is v a prime number?
False
Let a be 12/(-30) - 24/(-10). Suppose -3*v + 5*v - a*t - 22 = 0, 2*t - 20 = -5*v. Is -2*((-105)/v + 2) composite?
False
Suppose 0 = -4*y + 5*u + 2447, -4*y + 1450 + 1002 = -4*u. Suppose -4*x = -4*n + 3828, 1900 = 5*n - 3*n + 5*x. Let s = n - y. Is s prime?
True
Let j be ((-51)/(-34))/((-2)/(-4)). Suppose 0 = j*d + d + 1336. Let z = d - -560. Is z composite?
True
Let t be -106 + (-9)/12*-4. Let d = t + 314. Is d a prime number?
True
Let j(t) = t**3 + t**2 - 4*t + 3. Let k = 39 - 35. Is j(k) prime?
True
Suppose 2428 = 4*y - 3*j - 2038, 5*y = -3*j + 5569. Suppose p = -3*q - 3 - 0, 2 = 2*p - 2*q. Suppose 3*a - 8*a + y = p. Is a a prime number?
True
Let z = -4596 + 2876. Let t = z - -2507. Is t prime?
True
Let z = 172 + -111. Let a = 39 + -26. Let h = a + z. Is h composite?
True
Suppose 4*i + 2*x = -86, 3*i - 4*x = -76 + 6. Let u = i + 87. Is u a prime number?
False
Let a(k) = 248*k**3 - 20*k**2 + 13*k + 12. Is a(5) a prime number?
True
Suppose -z = 5, -z + 3859 = 4*b + 4*z. Is b prime?
True
Suppose 35*p = 30*p + 100. Suppose -5*j + 5*m = -p, -2*j + 10 = -m + 1. Suppose -457 - 28 = -j*h. Is h composite?
False
Let j = -723 + 1412. Is j a prime number?
False
Suppose 169*x = 205*x - 1447668. Is x a prime number?
True
Let u = 96579 + -44996. Is u a composite number?
True
Let x be 55/15 - (-6)/(-9). Suppose -2*c + 7 = -3*i, -x*c + 3 = 6. Is (i - -5)*(-435)/(-6) a composite number?
True
Let h(b) = 14*b**2 - 87*b + 28. Is h(23) a prime number?
False
Is (-3 + 1)/(36/(-49482)) composite?
False
Let d(q) = -q**3 + 4*q**2 - 7*q + 10. Let x be d(3). Is 0 + 687/1 + 0/x a prime number?
False
Suppose 7*m = 2*m + 20. Suppose 4*w - 2*y = -6, 4*w + 5*y - 11 - m = 0. Suppose -106 = -2*o - 3*v + v, 5*o - 3*v - 265 = w. Is o composite?
False
Suppose -2*n + 3*o + o - 6022 = 0, 3*n - 2*o = -9021. Let r = -1854 - n. Is r a composite number?
False
Is -614*6/12*-23 a prime number?
False
Let j(c) = 3 + 0*c**2 + 3*c**2 - 9 - 2*c**2 + 2*c. Let o be j(4). Is 6/4*1068/o composite?
False
Let s be (24/16)/((-1)/(-164)). Let g = -117 + s. Is g composite?
True
Let f = -31742 - -65331. Is f a prime number?
True
Le